{"id":370,"date":"2016-03-18T11:28:14","date_gmt":"2016-03-18T10:28:14","guid":{"rendered":"http:\/\/ewerk-buchauer.de\/?page_id=370"},"modified":"2019-10-28T19:45:27","modified_gmt":"2019-10-28T18:45:27","slug":"grundversorgung-8","status":"publish","type":"page","link":"http:\/\/ewerk-buchauer.de\/index.php\/grundversorgung-8\/","title":{"rendered":"Grundversorgung"},"content":{"rendered":"<p>Betreiber von Energieversorgungsnetzen haben nach \u00a7 36 (2) Energiewirtschaftsgesetz\u00a0 alle drei Jahre den Grundversorger f\u00fcr die n\u00e4chsten drei Kalenderjahre festzustellen und dies bis zum 30. September des Jahres zu ver\u00f6ffentlichen.<\/p>\n<p>Grundversorger ist jeweils das Energieversorgungsunternehmen, das die meisten Haushaltskunden in einem Netzgebiet der allgemeinen Versorgung beliefert.<\/p>\n<p>Als Grundversorger f\u00fcr das Netzgebiet von E-Werk Rupert Buchauer wurde festgestellt:<\/p>\n<p><strong>E-Werk Rupert Buchauer<\/strong><br \/>\nOberprienm\u00fchle 3<br \/>\n83112 Frasdorf<\/p>\n<p>&nbsp;<\/p>\n<p>&nbsp;<\/p>\n","protected":false},"excerpt":{"rendered":"<p>Betreiber von Energieversorgungsnetzen haben nach \u00a7 36 (2) Energiewirtschaftsgesetz\u00a0 alle drei Jahre den Grundversorger f\u00fcr die n\u00e4chsten drei Kalenderjahre festzustellen und dies bis zum 30. September des Jahres zu ver\u00f6ffentlichen. Grundversorger ist jeweils das Energieversorgungsunternehmen, das die meisten Haushaltskunden in einem Netzgebiet der allgemeinen Versorgung beliefert. Als Grundversorger f\u00fcr das Netzgebiet von E-Werk Rupert Buchauer wurde festgestellt: E-Werk Rupert Buchauer Oberprienm\u00fchle 3 83112 Frasdorf &nbsp; &nbsp;<\/p>\n","protected":false},"author":1,"featured_media":0,"parent":0,"menu_order":0,"comment_status":"closed","ping_status":"closed","template":"","meta":[],"_links":{"self":[{"href":"http:\/\/ewerk-buchauer.de\/index.php\/wp-json\/wp\/v2\/pages\/370"}],"collection":[{"href":"http:\/\/ewerk-buchauer.de\/index.php\/wp-json\/wp\/v2\/pages"}],"about":[{"href":"http:\/\/ewerk-buchauer.de\/index.php\/wp-json\/wp\/v2\/types\/page"}],"author":[{"embeddable":true,"href":"http:\/\/ewerk-buchauer.de\/index.php\/wp-json\/wp\/v2\/users\/1"}],"replies":[{"embeddable":true,"href":"http:\/\/ewerk-buchauer.de\/index.php\/wp-json\/wp\/v2\/comments?post=370"}],"version-history":[{"count":8,"href":"http:\/\/ewerk-buchauer.de\/index.php\/wp-json\/wp\/v2\/pages\/370\/revisions"}],"predecessor-version":[{"id":1170,"href":"http:\/\/ewerk-buchauer.de\/index.php\/wp-json\/wp\/v2\/pages\/370\/revisions\/1170"}],"wp:attachment":[{"href":"http:\/\/ewerk-buchauer.de\/index.php\/wp-json\/wp\/v2\/media?parent=370"}],"curies":[{"name":"wp","href":"https:\/\/api.w.org\/{rel}","templated":true}]}}