{"id":282,"date":"2016-03-17T11:28:36","date_gmt":"2016-03-17T10:28:36","guid":{"rendered":"http:\/\/ewerk-buchauer.de\/?page_id=282"},"modified":"2025-06-25T09:34:53","modified_gmt":"2025-06-25T07:34:53","slug":"stromkennzeichnung-4","status":"publish","type":"page","link":"http:\/\/ewerk-buchauer.de\/index.php\/stromkennzeichnung-4\/","title":{"rendered":"Stromkennzeichnung"},"content":{"rendered":"\n<p><\/p>\n\n\n\n<p><\/p>\n\n\n<p>Anhand der Stromkennzeichnung kann der Strom-Endverbraucher die anteilm\u00e4\u00dfige Aufteilung der Energietr\u00e4ger, aus denen der Strom erzeugt wird, erkennen.<\/p>\n<p>Informationen zum Energietr\u00e4germix mit den entsprechenden Durchschnittswerten:<\/p>\n<p><a href=\"http:\/\/ewerk-buchauer.de\/wp-content\/uploads\/2025\/06\/Stromkennzeichnung-2024-Buchauer.pdf\" target=\"_blank\" rel=\"noopener\">Stromkennzeichnung 2024<\/a><\/p>\n<p><a href=\"http:\/\/ewerk-buchauer.de\/wp-content\/uploads\/2024\/10\/Stromkennzeichnung-2023-Buchauer.pdf\" target=\"_blank\" rel=\"noopener\">Stromkennzeichnung 2023<\/a><\/p>\n<p><a href=\"http:\/\/ewerk-buchauer.de\/wp-content\/uploads\/2023\/11\/Stromkennzeichnung_Buchauer_2022.pdf\" target=\"_blank\" rel=\"noopener\">Stromkennzeichnung 2022<\/a><\/p>\n<p><a href=\"http:\/\/ewerk-buchauer.de\/wp-content\/uploads\/2022\/10\/Stromkennzeichnung_Buchauer_2021.pdf\" target=\"_blank\" rel=\"noopener\">Stromkennzeichnung 2021<\/a><\/p>\n<p><a href=\"http:\/\/ewerk-buchauer.de\/wp-content\/uploads\/2021\/10\/Stromkennzeichnung-Buchauer_2020.pdf\" target=\"_blank\" rel=\"noopener\">Stromkennzeichnung 2020<\/a><\/p>\n<p>\u00a0<\/p>\n<p>Weitere Informationen zu Zusammenh\u00e4ngen zwischen der Stromkennzeichnung, den Herkunftsnachweisen und dem F\u00f6rdersystem f\u00fcr erneuerbare Energien in Deutschland, sowie dem europ\u00e4ischen Handel von Herkunftsnachweisen und den verschiedenen Ebenen einer Stromlieferung finden Sie auf einer f\u00fcr Stromkunden zur Verf\u00fcgung gestellten Internetseite des <a href=\"https:\/\/www.umweltbundesamt.de\/themen\/klima-energie\/erneuerbare-energien\/hintergrundwissen-oekostrom-stromkennzeichen\" target=\"_blank\" rel=\"noopener\">HKNR<\/a>.<\/p>\n\n\n<p><\/p>\n","protected":false},"excerpt":{"rendered":"<p>Anhand der Stromkennzeichnung kann der Strom-Endverbraucher die anteilm\u00e4\u00dfige Aufteilung der Energietr\u00e4ger, aus denen der Strom erzeugt wird, erkennen. Informationen zum Energietr\u00e4germix mit den entsprechenden Durchschnittswerten: Stromkennzeichnung 2024 Stromkennzeichnung 2023 Stromkennzeichnung 2022 Stromkennzeichnung 2021 Stromkennzeichnung 2020 \u00a0 Weitere Informationen zu Zusammenh\u00e4ngen zwischen der Stromkennzeichnung, den Herkunftsnachweisen und dem F\u00f6rdersystem f\u00fcr erneuerbare Energien in Deutschland, sowie dem europ\u00e4ischen Handel von Herkunftsnachweisen und den verschiedenen Ebenen einer Stromlieferung finden Sie auf einer f\u00fcr Stromkunden zur Verf\u00fcgung gestellten Internetseite des HKNR.<\/p>\n","protected":false},"author":1,"featured_media":0,"parent":0,"menu_order":0,"comment_status":"closed","ping_status":"closed","template":"","meta":[],"_links":{"self":[{"href":"http:\/\/ewerk-buchauer.de\/index.php\/wp-json\/wp\/v2\/pages\/282"}],"collection":[{"href":"http:\/\/ewerk-buchauer.de\/index.php\/wp-json\/wp\/v2\/pages"}],"about":[{"href":"http:\/\/ewerk-buchauer.de\/index.php\/wp-json\/wp\/v2\/types\/page"}],"author":[{"embeddable":true,"href":"http:\/\/ewerk-buchauer.de\/index.php\/wp-json\/wp\/v2\/users\/1"}],"replies":[{"embeddable":true,"href":"http:\/\/ewerk-buchauer.de\/index.php\/wp-json\/wp\/v2\/comments?post=282"}],"version-history":[{"count":39,"href":"http:\/\/ewerk-buchauer.de\/index.php\/wp-json\/wp\/v2\/pages\/282\/revisions"}],"predecessor-version":[{"id":2314,"href":"http:\/\/ewerk-buchauer.de\/index.php\/wp-json\/wp\/v2\/pages\/282\/revisions\/2314"}],"wp:attachment":[{"href":"http:\/\/ewerk-buchauer.de\/index.php\/wp-json\/wp\/v2\/media?parent=282"}],"curies":[{"name":"wp","href":"https:\/\/api.w.org\/{rel}","templated":true}]}}