{"id":205,"date":"2016-03-17T09:49:20","date_gmt":"2016-03-17T08:49:20","guid":{"rendered":"http:\/\/ewerk-buchauer.de\/?page_id=205"},"modified":"2021-01-25T09:57:45","modified_gmt":"2021-01-25T08:57:45","slug":"formulare","status":"publish","type":"page","link":"http:\/\/ewerk-buchauer.de\/index.php\/formulare\/","title":{"rendered":"Kontaktformular"},"content":{"rendered":"<p>Hier k\u00f6nnen Sie eine Nachricht nach vollst\u00e4ndigem Ausf\u00fcllen an uns schicken.<br \/>\n(Alle mit einem * gekennzeichneten Felder sind Pflichtfelder und m\u00fcssen ausgef\u00fcllt werden.)<\/p>\n<form enctype=\"multipart\/form-data\" method=\"post\" id=\"psfb1398\" action=\"http:\/\/ewerk-buchauer.de\/index.php\/formulare\/\" class=\"planso-form-builder\" data-id=\"1398\" data-cnt=\"1\" id=\"planso_forms_1398_1\" data-locale=\"de\" data-locale_long=\"de_DE\" data-datepicker=\"bootstrap-datetimepicker\" data-date_format=\"j. F Y\" data-moment_date_format=\"D. MMMM YYYY\" data-jqueryui_date_format=\"d. MM yy\" data-eternicode_date_format=\"d. MM yyyy\"><div class=\"container-fluid\"><input type=\"hidden\" name=\"psfb_pageurl\" value=\"http:\/\/ewerk-buchauer.de\/index.php\/formulare\/\"\/><input type=\"hidden\" name=\"psfb_userip\" value=\"216.73.216.126\"\/><input type=\"hidden\" name=\"psfb_useragent\" value=\"Mozilla\/5.0 AppleWebKit\/537.36 (KHTML, like Gecko; compatible; ClaudeBot\/1.0; +claudebot@anthropic.com)\"\/><input type=\"hidden\" name=\"psfb_landingpage\" value=\"http:\/\/ewerk-buchauer.de\/index.php\/wp-json\/wp\/v2\/pages\/205\"\/><input type=\"hidden\" name=\"psfb_referer\" value=\"Direct\"\/><input type=\"hidden\" name=\"psfb_page_id\" value=\"205\"\/><input type=\"hidden\" name=\"psfb_form_submit\" value=\"1\"\/><input type=\"hidden\" name=\"psfb_form_id\" value=\"1398\"\/><input type=\"hidden\" name=\"psfb_form_cnt\" value=\"1\"\/><div style=\"display:none\"><input type=\"text\" name=\"psfb_hon_as\"\/><\/div><div style=\"display:none\"><input type=\"text\" name=\"psfb_hon_as2\" id=\"psfb_hon_as2_1398_1\" value=\"cff8593f9fb78ad101de98a6fc9f3362\"\/><\/div><div style=\"display:none\"><input type=\"text\" name=\"psfb_cnt_check\" value=\"1\"\/><\/div><div class=\"row\"><div class=\"col-md-6\"><div class=\"form-group psfb-single-container\"><label class=\"control-label\" for=\"psfield_1398_1\">Vorname Nachname<span class=\"psfb_required_mark\">*<\/span><\/label><input type=\"text\" required=\"required\" data-required=\"required\" name=\"Vorname_Nachname\" placeholder=\"\" value=\"\" class=\"form-control  \" id=\"psfield_1398_1\" style=\"\"\/><\/div><\/div><div class=\"col-md-6\"><div class=\"form-group psfb-single-container\"><label class=\"control-label\" for=\"psfield_1398_2\">Firma<\/label><input type=\"text\" name=\"Firma\" placeholder=\"\" value=\"\" class=\"form-control  \" id=\"psfield_1398_2\" style=\"\"\/><\/div><\/div><\/div><div class=\"row\"><div class=\"col-md-6\"><div class=\"form-group psfb-single-container\"><label class=\"control-label\" for=\"psfield_1398_3\">E-Mail<span class=\"psfb_required_mark\">*<\/span><\/label><input type=\"email\" required=\"required\" data-required=\"required\" name=\"E_Mail\" placeholder=\"\" value=\"\" class=\"form-control  \" id=\"psfield_1398_3\" style=\"\"\/><\/div><\/div><div class=\"col-md-6\"><div class=\"form-group psfb-single-container\"><label class=\"control-label\" for=\"psfield_1398_4\">Telefon<span class=\"psfb_required_mark\">*<\/span><\/label><input type=\"tel\" required=\"required\" data-required=\"required\" name=\"Telefon\" placeholder=\"\" value=\"\" class=\"form-control  \" id=\"psfield_1398_4\" style=\"\"\/><\/div><\/div><\/div><div class=\"row\"><div class=\"col-md-12\"><div class=\"form-group psfb-single-container\"><label class=\"control-label\" for=\"psfield_1398_5\">Ihre Nachricht<span class=\"psfb_required_mark\">*<\/span><\/label><textarea required=\"required\" data-required=\"required\" name=\"Ihre_Nachricht\" placeholder=\"\" class=\"form-control  \" id=\"psfield_1398_5\" style=\"\"><\/textarea><\/div><\/div><\/div><div class=\"row\"><div class=\"col-md-12\"><div class=\"form-group psfb-single-container\"><p style=\"\" class=\"\"><\/p><\/div><\/div><\/div><div class=\"row\"><div class=\"col-md-12\"><div class=\"form-group psfb-single-container\"><div style=\"position:relative;z-index:1;\"><button type=\"submit\" class=\"btn btn-primary\" id=\"psfield_1398_7\" style=\"\">Senden<\/button><\/div><\/div><\/div><\/div><\/div><\/form>\n","protected":false},"excerpt":{"rendered":"<p>Hier k\u00f6nnen Sie eine Nachricht nach vollst\u00e4ndigem Ausf\u00fcllen an uns schicken. (Alle mit einem * gekennzeichneten Felder sind Pflichtfelder und m\u00fcssen ausgef\u00fcllt werden.)<\/p>\n","protected":false},"author":1,"featured_media":0,"parent":0,"menu_order":0,"comment_status":"closed","ping_status":"closed","template":"","meta":[],"_links":{"self":[{"href":"http:\/\/ewerk-buchauer.de\/index.php\/wp-json\/wp\/v2\/pages\/205"}],"collection":[{"href":"http:\/\/ewerk-buchauer.de\/index.php\/wp-json\/wp\/v2\/pages"}],"about":[{"href":"http:\/\/ewerk-buchauer.de\/index.php\/wp-json\/wp\/v2\/types\/page"}],"author":[{"embeddable":true,"href":"http:\/\/ewerk-buchauer.de\/index.php\/wp-json\/wp\/v2\/users\/1"}],"replies":[{"embeddable":true,"href":"http:\/\/ewerk-buchauer.de\/index.php\/wp-json\/wp\/v2\/comments?post=205"}],"version-history":[{"count":5,"href":"http:\/\/ewerk-buchauer.de\/index.php\/wp-json\/wp\/v2\/pages\/205\/revisions"}],"predecessor-version":[{"id":1399,"href":"http:\/\/ewerk-buchauer.de\/index.php\/wp-json\/wp\/v2\/pages\/205\/revisions\/1399"}],"wp:attachment":[{"href":"http:\/\/ewerk-buchauer.de\/index.php\/wp-json\/wp\/v2\/media?parent=205"}],"curies":[{"name":"wp","href":"https:\/\/api.w.org\/{rel}","templated":true}]}}