{"id":1407,"date":"2021-01-27T17:16:27","date_gmt":"2021-01-27T16:16:27","guid":{"rendered":"http:\/\/ewerk-buchauer.de\/?page_id=1407"},"modified":"2023-05-12T12:07:11","modified_gmt":"2023-05-12T10:07:11","slug":"e-werks-fuehrungen","status":"publish","type":"page","link":"http:\/\/ewerk-buchauer.de\/index.php\/e-werks-fuehrungen\/","title":{"rendered":"E-Werks F\u00fchrungen"},"content":{"rendered":"<p>Gerne m\u00f6chten wir Interessenten m\u00f6glichst viel Wissen um das Thema \u201eRund um den Strom\u201c vermitteln.<\/p>\n<p>Hierf\u00fcr bieten wir F\u00fchrungen, insbesondere f\u00fcr Schulklassen und Kleingruppen an, bei denen wir anhand unserer eigenen Wasserkraft versuchen die Stromerzeugung anschaulich darzustellen.<\/p>\n<div>Bei Interesse an einer E-Werks F\u00fchrung k\u00f6nnen Sie uns jederzeit gerne kontaktieren.<\/div>\n<div>\u00a0<\/div>\n<div>\u00a0<\/div>\n<p><em>IMPRESSIONEN:<\/em><\/p>\n\n\n<div class=\"wp-block-columns\">\n<div class=\"wp-block-column\"><\/div>\n\n\n\n<div class=\"wp-block-column\"><\/div>\n<\/div>\n\n\n\n<div class=\"wp-block-columns\">\n<div class=\"wp-block-column\">\n<figure class=\"wp-block-image size-large is-resized\"><img loading=\"lazy\" src=\"http:\/\/ewerk-buchauer.de\/wp-content\/uploads\/2023\/05\/20230425_083655-1024x576.jpg\" alt=\"\" class=\"wp-image-1960\" width=\"757\" height=\"425\" srcset=\"http:\/\/ewerk-buchauer.de\/wp-content\/uploads\/2023\/05\/20230425_083655-1024x576.jpg 1024w, http:\/\/ewerk-buchauer.de\/wp-content\/uploads\/2023\/05\/20230425_083655-300x169.jpg 300w, http:\/\/ewerk-buchauer.de\/wp-content\/uploads\/2023\/05\/20230425_083655-768x432.jpg 768w, http:\/\/ewerk-buchauer.de\/wp-content\/uploads\/2023\/05\/20230425_083655-1536x864.jpg 1536w, http:\/\/ewerk-buchauer.de\/wp-content\/uploads\/2023\/05\/20230425_083655-2048x1152.jpg 2048w, http:\/\/ewerk-buchauer.de\/wp-content\/uploads\/2023\/05\/20230425_083655-1140x641.jpg 1140w\" sizes=\"(max-width: 757px) 100vw, 757px\" \/><figcaption>Grunschulklasse 2023<\/figcaption><\/figure>\n<\/div>\n\n\n\n<div class=\"wp-block-column\">\n<div class=\"wp-block-image\"><figure class=\"aligncenter size-large is-resized\"><img loading=\"lazy\" src=\"http:\/\/ewerk-buchauer.de\/wp-content\/uploads\/2023\/05\/20230425_092743-576x1024.jpg\" alt=\"\" class=\"wp-image-1961\" width=\"144\" height=\"255\" srcset=\"http:\/\/ewerk-buchauer.de\/wp-content\/uploads\/2023\/05\/20230425_092743-576x1024.jpg 576w, http:\/\/ewerk-buchauer.de\/wp-content\/uploads\/2023\/05\/20230425_092743-169x300.jpg 169w, http:\/\/ewerk-buchauer.de\/wp-content\/uploads\/2023\/05\/20230425_092743-768x1365.jpg 768w, http:\/\/ewerk-buchauer.de\/wp-content\/uploads\/2023\/05\/20230425_092743-864x1536.jpg 864w, http:\/\/ewerk-buchauer.de\/wp-content\/uploads\/2023\/05\/20230425_092743-1152x2048.jpg 1152w, http:\/\/ewerk-buchauer.de\/wp-content\/uploads\/2023\/05\/20230425_092743-1140x2027.jpg 1140w, http:\/\/ewerk-buchauer.de\/wp-content\/uploads\/2023\/05\/20230425_092743-scaled.jpg 1440w\" sizes=\"(max-width: 144px) 100vw, 144px\" \/><\/figure><\/div>\n<\/div>\n\n\n\n<div class=\"wp-block-column\">\n<figure class=\"wp-block-image size-large is-resized\"><img loading=\"lazy\" src=\"http:\/\/ewerk-buchauer.de\/wp-content\/uploads\/2023\/05\/2009-3-0021-1024x680.jpg\" alt=\"\" class=\"wp-image-1972\" width=\"587\" height=\"389\" srcset=\"http:\/\/ewerk-buchauer.de\/wp-content\/uploads\/2023\/05\/2009-3-0021-1024x680.jpg 1024w, http:\/\/ewerk-buchauer.de\/wp-content\/uploads\/2023\/05\/2009-3-0021-300x199.jpg 300w, http:\/\/ewerk-buchauer.de\/wp-content\/uploads\/2023\/05\/2009-3-0021-768x510.jpg 768w, http:\/\/ewerk-buchauer.de\/wp-content\/uploads\/2023\/05\/2009-3-0021-1536x1020.jpg 1536w, http:\/\/ewerk-buchauer.de\/wp-content\/uploads\/2023\/05\/2009-3-0021-2048x1360.jpg 2048w, http:\/\/ewerk-buchauer.de\/wp-content\/uploads\/2023\/05\/2009-3-0021-1140x757.jpg 1140w\" sizes=\"(max-width: 587px) 100vw, 587px\" \/><figcaption>Grundschulklasse 2009<\/figcaption><\/figure>\n<\/div>\n<\/div>\n","protected":false},"excerpt":{"rendered":"<p>Gerne m\u00f6chten wir Interessenten m\u00f6glichst viel Wissen um das Thema \u201eRund um den Strom\u201c vermitteln. Hierf\u00fcr bieten wir F\u00fchrungen, insbesondere f\u00fcr Schulklassen und Kleingruppen an, bei denen wir anhand unserer eigenen Wasserkraft versuchen die Stromerzeugung anschaulich darzustellen. Bei Interesse an einer E-Werks F\u00fchrung k\u00f6nnen Sie uns jederzeit gerne kontaktieren. \u00a0 \u00a0 IMPRESSIONEN:<\/p>\n","protected":false},"author":3,"featured_media":0,"parent":0,"menu_order":0,"comment_status":"closed","ping_status":"closed","template":"","meta":[],"_links":{"self":[{"href":"http:\/\/ewerk-buchauer.de\/index.php\/wp-json\/wp\/v2\/pages\/1407"}],"collection":[{"href":"http:\/\/ewerk-buchauer.de\/index.php\/wp-json\/wp\/v2\/pages"}],"about":[{"href":"http:\/\/ewerk-buchauer.de\/index.php\/wp-json\/wp\/v2\/types\/page"}],"author":[{"embeddable":true,"href":"http:\/\/ewerk-buchauer.de\/index.php\/wp-json\/wp\/v2\/users\/3"}],"replies":[{"embeddable":true,"href":"http:\/\/ewerk-buchauer.de\/index.php\/wp-json\/wp\/v2\/comments?post=1407"}],"version-history":[{"count":21,"href":"http:\/\/ewerk-buchauer.de\/index.php\/wp-json\/wp\/v2\/pages\/1407\/revisions"}],"predecessor-version":[{"id":1983,"href":"http:\/\/ewerk-buchauer.de\/index.php\/wp-json\/wp\/v2\/pages\/1407\/revisions\/1983"}],"wp:attachment":[{"href":"http:\/\/ewerk-buchauer.de\/index.php\/wp-json\/wp\/v2\/media?parent=1407"}],"curies":[{"name":"wp","href":"https:\/\/api.w.org\/{rel}","templated":true}]}}